{"id":19,"date":"2026-02-02T12:40:22","date_gmt":"2026-02-02T12:40:22","guid":{"rendered":"https:\/\/nomini.pro\/?page_id=19"},"modified":"2026-02-02T12:42:11","modified_gmt":"2026-02-02T12:42:11","slug":"bonuses","status":"publish","type":"page","link":"https:\/\/nomini.pro\/index.php\/bonuses\/","title":{"rendered":"Bonuses"},"content":{"rendered":"\t\t<div data-elementor-type=\"wp-page\" data-elementor-id=\"19\" class=\"elementor elementor-19\">\n\t\t\t\t<div class=\"elementor-element elementor-element-5fa0a94 e-flex e-con-boxed e-con e-parent\" data-id=\"5fa0a94\" data-element_type=\"container\" data-e-type=\"container\">\n\t\t\t\t\t<div class=\"e-con-inner\">\n\t\t\t\t<div class=\"elementor-element elementor-element-cabb42e elementor-widget elementor-widget-text-editor\" data-id=\"cabb42e\" data-element_type=\"widget\" data-e-type=\"widget\" data-widget_type=\"text-editor.default\">\n\t\t\t\t\t\t\t\t\t<h1 data-start=\"493\" data-end=\"517\">Bonuswelt bei Nomini<\/h1><p data-start=\"518\" data-end=\"563\">Wie du echte Mehrwerte aus Casino Boni ziehst<\/p><p data-start=\"565\" data-end=\"1130\">Die Welt der Online Casino Boni hat sich in den letzten Jahren stark ver\u00e4ndert. Was fr\u00fcher als \u00fcppige Einzahlungsboni begann, ist heute ein komplexes Band aus verschiedenen Bonusformen geworden. Nomini geh\u00f6rt zu den Casinos, die diesen Wandel aktiv mitgestalten. Das Angebot reicht von klassischen Einzahlungsboni \u00fcber anpassbare Willkommenspakete bis zu Cashbacks und w\u00f6chentlichen Promotionen. In diesem Artikel betrachten wir die aktuellen Bonusangebote bei Nomini bewusst praxisorientiert und erkl\u00e4ren, wie du sie strategisch f\u00fcr deinen Spielstil nutzen kannst.<\/p><h2 data-start=\"1137\" data-end=\"1192\">Warum Boni im Online Casino mehr sind als nur Extras<\/h2><p data-start=\"1194\" data-end=\"1806\">Boni sind l\u00e4ngst nicht mehr nur ein Einstiegsgeschenk f\u00fcr neue Spieler. Sie beeinflussen die Spielstrategie, das Budgetmanagement und die langfristige Bindung an ein Casino. In der Branche ist ein Trend zu beobachten, bei dem reine \u201eEinmalboni\u201c an Wert verlieren und multifunktionale Bonuspakete wichtiger werden. Aktionen wie Cashback, wiederkehrende Reload Boni und individualisierte Bonusformen sind heute feste Bestandteile des Bonusportfolios. Nomini geht noch einen Schritt weiter und bietet Spielern Auswahlm\u00f6glichkeiten, die \u00fcber klassische Lineare Boni hinausgehen.<\/p>\t\t\t\t\t\t\t\t<\/div>\n\t\t\t\t\t<\/div>\n\t\t\t\t<\/div>\n\t\t<div class=\"elementor-element elementor-element-bb7d26d e-flex e-con-boxed e-con e-parent\" data-id=\"bb7d26d\" data-element_type=\"container\" data-e-type=\"container\">\n\t\t\t\t\t<div class=\"e-con-inner\">\n\t\t\t\t<div class=\"elementor-element elementor-element-4726109 elementor-widget elementor-widget-image\" data-id=\"4726109\" data-element_type=\"widget\" data-e-type=\"widget\" data-widget_type=\"image.default\">\n\t\t\t\t\t\t\t\t\t\t\t\t\t\t\t<img fetchpriority=\"high\" decoding=\"async\" width=\"411\" height=\"205\" src=\"https:\/\/nomini.pro\/wp-content\/uploads\/2026\/02\/9e4abe7b-45a8-45b7-8180-3326e00cafb5-specialpromotionsexclusiveshop02.webp\" class=\"attachment-large size-large wp-image-20\" alt=\"\" srcset=\"https:\/\/nomini.pro\/wp-content\/uploads\/2026\/02\/9e4abe7b-45a8-45b7-8180-3326e00cafb5-specialpromotionsexclusiveshop02.webp 411w, https:\/\/nomini.pro\/wp-content\/uploads\/2026\/02\/9e4abe7b-45a8-45b7-8180-3326e00cafb5-specialpromotionsexclusiveshop02-300x150.webp 300w\" sizes=\"(max-width: 411px) 100vw, 411px\" \/>\t\t\t\t\t\t\t\t\t\t\t\t\t\t\t<\/div>\n\t\t\t\t\t<\/div>\n\t\t\t\t<\/div>\n\t\t<div class=\"elementor-element elementor-element-e9eaee6 e-flex e-con-boxed e-con e-parent\" data-id=\"e9eaee6\" data-element_type=\"container\" data-e-type=\"container\">\n\t\t\t\t\t<div class=\"e-con-inner\">\n\t\t\t\t<div class=\"elementor-element elementor-element-b69ed5b elementor-widget elementor-widget-text-editor\" data-id=\"b69ed5b\" data-element_type=\"widget\" data-e-type=\"widget\" data-widget_type=\"text-editor.default\">\n\t\t\t\t\t\t\t\t\t<h2 data-start=\"1813\" data-end=\"1873\">Willkommensbonus bei Nomini \u2013 Vielfalt statt Einheitsbrei<\/h2><p data-start=\"1875\" data-end=\"2255\">Nomini unterscheidet sich von vielen anderen Casinos durch sein flexibles Willkommensangebot. Anstatt ein einziges Paket vorzugeben, kann ein neuer Spieler <strong data-start=\"2031\" data-end=\"2068\">aus mehreren Bonusoptionen w\u00e4hlen<\/strong>. Diese Auswahl wird oft spielerisch als thematische oder charakterbasierte Boni pr\u00e4sentiert, sodass jeder Bonus zu einem bestimmten Spielstil passt.<\/p><h3 data-start=\"2257\" data-end=\"2286\">Standard Willkommensbonus<\/h3><p data-start=\"2288\" data-end=\"2752\">Die h\u00e4ufigste Wahl f\u00fcr neue Nutzer ist die klassische Einzahlungsverdopplung. Dabei erh\u00e4ltst du eine <strong data-start=\"2389\" data-end=\"2473\">100 Prozent Bonuserg\u00e4nzung auf deine erste Einzahlung bis zu einer oberen Grenze<\/strong>, begleitet von einer gro\u00dfz\u00fcgigen Anzahl an <strong data-start=\"2517\" data-end=\"2531\">Free Spins<\/strong>. In vielen F\u00e4llen l\u00e4sst sich dieser Bonus bereits mit einem relativ geringen Einzahlungsbetrag freischalten, sodass er f\u00fcr Einsteiger und Routinespieler gleicherma\u00dfen zug\u00e4nglich ist.<\/p><h3 data-start=\"2754\" data-end=\"2809\">Alternative Bonusformen f\u00fcr verschiedene Spielstile<\/h3><p data-start=\"2811\" data-end=\"2964\">Nomini bietet zus\u00e4tzlich zu diesem klassischen Bonus weitere Varianten an, die gezielt unterschiedliche Erwartungen bedienen. Dazu geh\u00f6ren unter anderem:<\/p><ul data-start=\"2965\" data-end=\"3237\"><li data-start=\"2965\" data-end=\"3055\"><p data-start=\"2967\" data-end=\"3055\">Boni mit deutlich h\u00f6herem Bonusbetrag, aber leicht unterschiedlichen Umsatzbedingungen<\/p><\/li><li data-start=\"3056\" data-end=\"3148\"><p data-start=\"3058\" data-end=\"3148\">Reload Boni oder Cashback-basierte Angebote als Alternative zur direkten Bonusgutschrift<\/p><\/li><li data-start=\"3149\" data-end=\"3237\"><p data-start=\"3151\" data-end=\"3237\">Boni, bei denen pro Einzahlungsbetrag eine bestimmte Anzahl Freispiele vergeben wird<\/p><\/li><\/ul><p data-start=\"3239\" data-end=\"3507\">Spieler haben so die Freiheit, ein Bonusmodell zu w\u00e4hlen, das am besten zu ihrem Budget und ihrer Risikobereitschaft passt. Dieses Modell ist in der Branche noch nicht zum Standard geworden, doch viele moderne Casinos ziehen nach.<\/p><h3 data-start=\"3509\" data-end=\"3544\">Umsatzbedingungen klar im Fokus<\/h3><p data-start=\"3546\" data-end=\"3987\">Wichtig f\u00fcr jeden Bonus ist die dazugeh\u00f6rige Umsatzbedingung. Bei Nomini gelten h\u00e4ufig Umsatzanforderungen, die sich im Bereich von rund <strong data-start=\"3683\" data-end=\"3710\">35-fachen Anforderungen<\/strong> bewegen. Diese beziehen sich meist auf den Bonusbetrag und die Gewinne aus Freispielen. Diese Werte entsprechen dem aktuellen Branchendurchschnitt und stellen sicher, dass die Bonusbedingungen anspruchsvoll, aber nicht unrealistisch sind.<\/p><h2 data-start=\"3994\" data-end=\"4039\">Regelm\u00e4\u00dfige Reload Boni f\u00fcr aktive Spieler<\/h2><p data-start=\"4041\" data-end=\"4318\">Willkommensboni sind nur der Anfang. F\u00fcr viele regelm\u00e4\u00dfige Nutzer entscheidet sich die langfristige Attraktivit\u00e4t eines Casinos erst bei den <strong data-start=\"4182\" data-end=\"4197\">Reload Boni<\/strong>. Diese Angebote stehen bestehenden Spielern zur Verf\u00fcgung und belohnen wiederholte Einzahlungen oder aktive Spielzeiten.<\/p><h3 data-start=\"4320\" data-end=\"4345\">Wochenend Reload Boni<\/h3><p data-start=\"4347\" data-end=\"4724\">Eine g\u00e4ngige Form sind Boni, die speziell f\u00fcr Einzahlungen am Wochenende konzipiert sind. Wenn du zum Beispiel zwischen Freitag und Sonntag einzahlen, kannst du zus\u00e4tzliche Bonusguthaben oder Freispiele erhalten. Diese Aktionen richten sich an Spieler mit l\u00e4ngerem Spielrhythmus und erh\u00f6hen die Attraktivit\u00e4t gerade am Wochenende deutlich.<\/p><h3 data-start=\"4726\" data-end=\"4751\">W\u00f6chentliche Aktionen<\/h3><p data-start=\"4753\" data-end=\"5076\">Neben Wochenendangeboten gibt es auch Reload Boni im Wochenverlauf. Diese erscheinen beispielsweise in Form von Free Spins oder kleineren Bonusgutschriften, wenn du an bestimmten Tagen eine Einzahlung t\u00e4tigst. Solche Boni sind daf\u00fcr gedacht, deine Aktivit\u00e4t kontinuierlich zu belohnen.<\/p><h2 data-start=\"5083\" data-end=\"5122\">Cashback \u2013 Bonus mit Risikokontrolle<\/h2><p data-start=\"5124\" data-end=\"5437\">Cashback ist ein Bonusformat, das in vielen modernen Casinos zunehmend zum Standard geh\u00f6rt. Er unterscheidet sich von klassischen Bonusguthaben dadurch, dass du einen <strong data-start=\"5291\" data-end=\"5342\">Prozentsatz deiner Nettoverluste zur\u00fcckerh\u00e4ltst<\/strong>. Diese R\u00fcckerstattung kann oft ohne hohe Umsatzbedingungen direkt als Echtgeld verf\u00fcgbar sein.<\/p><p data-start=\"5439\" data-end=\"5821\">Nomini bietet Cashback Aktionen an, bei denen der Prozentsatz der R\u00fcckerstattung abh\u00e4ngig vom VIP Status ist. In der Praxis kann dies bedeuten, dass Spieler in h\u00f6heren Stufen deutlich mehr ihres Verlustes zur\u00fcckbekommen als in niedrigen. Dieser Bonus reduziert das Risiko bei l\u00e4ngeren Spielsitzungen und schafft ein stabileres Budgetmanagement.<\/p><h2 data-start=\"5828\" data-end=\"5869\">Bonus Crab und zus\u00e4tzliche Belohnungen<\/h2><p data-start=\"5871\" data-end=\"6399\">Ein Bonusformat, das Nomini interessant macht, ist der sogenannte Bonus Crab. Dabei handelt es sich nicht nur um einen reinen Einzahlungsbonus, sondern um ein zufallsbasiertes Belohnungsspiel. Nach einer qualifizierenden Einzahlung erh\u00e4ltst du die Chance, Bonuspreise zu gewinnen. Diese k\u00f6nnen Freispielpakete, Bonusguthaben oder andere Belohnungen umfassen. Diese Mechanik verleiht dem Bonusprozess eine zus\u00e4tzliche spielerische Komponente und hebt Nomini von klassischen Bonusmodellen ab.<\/p>\t\t\t\t\t\t\t\t<\/div>\n\t\t\t\t\t<\/div>\n\t\t\t\t<\/div>\n\t\t<div class=\"elementor-element elementor-element-a855fb1 e-flex e-con-boxed e-con e-parent\" data-id=\"a855fb1\" data-element_type=\"container\" data-e-type=\"container\">\n\t\t\t\t\t<div class=\"e-con-inner\">\n\t\t\t\t<div class=\"elementor-element elementor-element-cf48b24 elementor-widget elementor-widget-image\" data-id=\"cf48b24\" data-element_type=\"widget\" data-e-type=\"widget\" data-widget_type=\"image.default\">\n\t\t\t\t\t\t\t\t\t\t\t\t\t\t\t<img decoding=\"async\" width=\"411\" height=\"205\" src=\"https:\/\/nomini.pro\/wp-content\/uploads\/2026\/02\/653516ad-e846-44be-bc01-a0e59115eb23-casinolivecashback02-copy.webp\" class=\"attachment-large size-large wp-image-21\" alt=\"\" srcset=\"https:\/\/nomini.pro\/wp-content\/uploads\/2026\/02\/653516ad-e846-44be-bc01-a0e59115eb23-casinolivecashback02-copy.webp 411w, https:\/\/nomini.pro\/wp-content\/uploads\/2026\/02\/653516ad-e846-44be-bc01-a0e59115eb23-casinolivecashback02-copy-300x150.webp 300w\" sizes=\"(max-width: 411px) 100vw, 411px\" \/>\t\t\t\t\t\t\t\t\t\t\t\t\t\t\t<\/div>\n\t\t\t\t\t<\/div>\n\t\t\t\t<\/div>\n\t\t<div class=\"elementor-element elementor-element-39b839d e-flex e-con-boxed e-con e-parent\" data-id=\"39b839d\" data-element_type=\"container\" data-e-type=\"container\">\n\t\t\t\t\t<div class=\"e-con-inner\">\n\t\t\t\t<div class=\"elementor-element elementor-element-58043a3 elementor-widget elementor-widget-text-editor\" data-id=\"58043a3\" data-element_type=\"widget\" data-e-type=\"widget\" data-widget_type=\"text-editor.default\">\n\t\t\t\t\t\t\t\t\t<h2 data-start=\"5828\" data-end=\"5869\"><span style=\"font-size: 1.875rem; font-style: inherit;\">VIP Programm und langfristige Bonusvorteile<\/span><\/h2><p data-start=\"6454\" data-end=\"6851\">Ein gut strukturiertes Bonusangebot f\u00fcr neue Spieler ist wichtig, doch echte Bonuskraft entsteht erst bei langfristiger Aktivit\u00e4t. Nomini bietet ein mehrstufiges VIP Programm, bei dem du durch aktives Spielen st\u00e4ndig Punkte sammelst. Mit jeder erreichten Stufe verbessern sich deine Konditionen, darunter gr\u00f6\u00dfere Cashback Prozents\u00e4tze und bessere Bonuslimits.<\/p><p data-start=\"6853\" data-end=\"7078\">VIP Programme geh\u00f6ren zu den wichtigsten Werkzeugen, um Bonusvorteile nachhaltig zu nutzen. Je h\u00f6her deine Stufe, desto besser werden die Angebote, sowohl in Bezug auf Geldboni, Cashback als auch auf individuelle Promotionen.<\/p><h2 data-start=\"7085\" data-end=\"7128\">Wie du Boni bei Nomini strategisch nutzt<\/h2><p data-start=\"7130\" data-end=\"7273\">Ein Bonus ist nur dann wirklich wertvoll, wenn du ihn bewusst und strategisch nutzt. Bei Nomini lohnt es sich, folgende Grunds\u00e4tze zu beachten:<\/p><h3 data-start=\"7275\" data-end=\"7314\">Wahl des richtigen Willkommensbonus<\/h3><p data-start=\"7316\" data-end=\"7555\">Nomini bietet mehrere Einstiegspakete. \u00dcberlege dir vor der Einzahlung, welche Variante am besten zu deinem Budget und deiner Spielweise passt. Ein hoher Bonusbetrag ist nicht immer der beste, wenn daf\u00fcr sehr hohe Umsatzbedingungen gelten.<\/p><h3 data-start=\"7557\" data-end=\"7592\">Bonuszeitraum im Blick behalten<\/h3><p data-start=\"7594\" data-end=\"7839\">Viele Boni bei Nomini sind an eine <strong data-start=\"7629\" data-end=\"7658\">G\u00fcltigkeitsfrist gebunden<\/strong>. Gewinne aus Freispiele oder Bonusguthaben m\u00fcssen oft innerhalb eines festgelegten Zeitfensters umgesetzt werden. Behalte diese Fristen im Auge, um nicht unn\u00f6tig Boni zu verlieren.<\/p><h3 data-start=\"7841\" data-end=\"7864\">Cashback und Risiko<\/h3><p data-start=\"7866\" data-end=\"8059\">Cashback eignet sich besonders f\u00fcr Spieler mit h\u00f6herem Einsatzvolumen oder l\u00e4ngerer Aktivit\u00e4t. Er reduziert im Wesentlichen den Nettoverlust und kann so deine Spielzeit wirkungsvoll verl\u00e4ngern.<\/p><h3 data-start=\"8061\" data-end=\"8096\">VIP Vorteile langfristig denken<\/h3><p data-start=\"8098\" data-end=\"8282\">Wer regelm\u00e4\u00dfig spielt, sollte das VIP Programm aktiv verfolgen. Die h\u00f6heren Cashback S\u00e4tze, besseren Bonuslimits und individuellen Angebote wirken sich sp\u00fcrbar auf den Bonusnutzen aus.<\/p><h2 data-start=\"8289\" data-end=\"8326\">Bonusangebote im Branchenvergleich<\/h2><p data-start=\"8328\" data-end=\"8771\">Im Vergleich zu vielen klassischen Casinos wirkt das Bonusmodell bei Nomini flexibler. Viele Plattformen beschr\u00e4nken sich auf ein einziges Willkommenspaket. Nomini hingegen kombiniert mehrere Einstiegsvarianten mit gezielten Reload Boni, Cashback und einem spielerischen Bonusmechanismus. Dies entspricht einem aktuellen Trend in der Branche, bei dem Bonusvielfalt und Spielerwahl im Vordergrund stehen.<\/p><h2 data-start=\"8778\" data-end=\"8786\">Fazit<\/h2><p data-start=\"8788\" data-end=\"9289\">Die Bonuswelt bei Nomini ist vielschichtig und bietet weit mehr als den klassischen Einzahlungsbonus. Wer sich mit den aktuellen Promotionen besch\u00e4ftigt, findet unterschiedliche Bonusformen, die sich gezielt an verschiedene Spielertypen richten. Von w\u00e4hlbaren Willkommenspaketen \u00fcber Cashback und spielerische Bonusmechaniken bis hin zu einem strukturierten VIP Programm bietet Nomini eine Bonuslandschaft, die aktuellen Marktstandards entspricht und gleichzeitig Raum f\u00fcr strategische Nutzung bietet.<\/p><p data-start=\"9291\" data-end=\"9515\">Erfahrung, Planung und ein Blick auf die Bonusregeln machen den Unterschied zwischen einem guten und einem wirklich lohnenden Bonus aus. Nomini gibt dir die Werkzeuge, um diese Unterschiede in Echtgeldvorteile zu verwandeln.<\/p>\t\t\t\t\t\t\t\t<\/div>\n\t\t\t\t\t<\/div>\n\t\t\t\t<\/div>\n\t\t\t\t<\/div>\n\t\t","protected":false},"excerpt":{"rendered":"<p>Bonuswelt bei Nomini Wie du echte Mehrwerte aus Casino Boni ziehst Die Welt der Online Casino Boni hat sich in [&hellip;]<\/p>\n","protected":false},"author":1,"featured_media":0,"parent":0,"menu_order":0,"comment_status":"closed","ping_status":"closed","template":"","meta":{"site-sidebar-layout":"no-sidebar","site-content-layout":"","ast-site-content-layout":"full-width-container","site-content-style":"default","site-sidebar-style":"default","ast-global-header-display":"","ast-banner-title-visibility":"","ast-main-header-display":"","ast-hfb-above-header-display":"","ast-hfb-below-header-display":"","ast-hfb-mobile-header-display":"","site-post-title":"","ast-breadcrumbs-content":"","ast-featured-img":"disabled","footer-sml-layout":"","ast-disable-related-posts":"","theme-transparent-header-meta":"","adv-header-id-meta":"","stick-header-meta":"","header-above-stick-meta":"","header-main-stick-meta":"","header-below-stick-meta":"","astra-migrate-meta-layouts":"default","ast-page-background-enabled":"default","ast-page-background-meta":{"desktop":{"background-color":"var(--ast-global-color-5)","background-image":"","background-repeat":"repeat","background-position":"center center","background-size":"auto","background-attachment":"scroll","background-type":"","background-media":"","overlay-type":"","overlay-color":"","overlay-opacity":"","overlay-gradient":""},"tablet":{"background-color":"","background-image":"","background-repeat":"repeat","background-position":"center center","background-size":"auto","background-attachment":"scroll","background-type":"","background-media":"","overlay-type":"","overlay-color":"","overlay-opacity":"","overlay-gradient":""},"mobile":{"background-color":"","background-image":"","background-repeat":"repeat","background-position":"center center","background-size":"auto","background-attachment":"scroll","background-type":"","background-media":"","overlay-type":"","overlay-color":"","overlay-opacity":"","overlay-gradient":""}},"ast-content-background-meta":{"desktop":{"background-color":"var(--ast-global-color-4)","background-image":"","background-repeat":"repeat","background-position":"center center","background-size":"auto","background-attachment":"scroll","background-type":"","background-media":"","overlay-type":"","overlay-color":"","overlay-opacity":"","overlay-gradient":""},"tablet":{"background-color":"var(--ast-global-color-4)","background-image":"","background-repeat":"repeat","background-position":"center center","background-size":"auto","background-attachment":"scroll","background-type":"","background-media":"","overlay-type":"","overlay-color":"","overlay-opacity":"","overlay-gradient":""},"mobile":{"background-color":"var(--ast-global-color-4)","background-image":"","background-repeat":"repeat","background-position":"center center","background-size":"auto","background-attachment":"scroll","background-type":"","background-media":"","overlay-type":"","overlay-color":"","overlay-opacity":"","overlay-gradient":""}},"footnotes":""},"class_list":["post-19","page","type-page","status-publish","hentry"],"yoast_head":"<!-- This site is optimized with the Yoast SEO plugin v27.3 - https:\/\/yoast.com\/product\/yoast-seo-wordpress\/ -->\n<title>Bonuses - nomini.pro<\/title>\n<meta name=\"robots\" content=\"index, follow, max-snippet:-1, max-image-preview:large, max-video-preview:-1\" \/>\n<link rel=\"canonical\" href=\"https:\/\/nomini.pro\/index.php\/bonuses\/\" \/>\n<meta property=\"og:locale\" content=\"en_US\" \/>\n<meta property=\"og:type\" content=\"article\" \/>\n<meta property=\"og:title\" content=\"Bonuses - nomini.pro\" \/>\n<meta property=\"og:description\" content=\"Bonuswelt bei Nomini Wie du echte Mehrwerte aus Casino Boni ziehst Die Welt der Online Casino Boni hat sich in [&hellip;]\" \/>\n<meta property=\"og:url\" content=\"https:\/\/nomini.pro\/index.php\/bonuses\/\" \/>\n<meta property=\"og:site_name\" content=\"nomini.pro\" \/>\n<meta property=\"article:modified_time\" content=\"2026-02-02T12:42:11+00:00\" \/>\n<meta property=\"og:image\" content=\"https:\/\/nomini.pro\/wp-content\/uploads\/2026\/02\/9e4abe7b-45a8-45b7-8180-3326e00cafb5-specialpromotionsexclusiveshop02.webp\" \/>\n\t<meta property=\"og:image:width\" content=\"411\" \/>\n\t<meta property=\"og:image:height\" content=\"205\" \/>\n\t<meta property=\"og:image:type\" content=\"image\/webp\" \/>\n<meta name=\"twitter:card\" content=\"summary_large_image\" \/>\n<meta name=\"twitter:label1\" content=\"Est. reading time\" \/>\n\t<meta name=\"twitter:data1\" content=\"5 minutes\" \/>\n<script type=\"application\/ld+json\" class=\"yoast-schema-graph\">{\"@context\":\"https:\\\/\\\/schema.org\",\"@graph\":[{\"@type\":\"WebPage\",\"@id\":\"https:\\\/\\\/nomini.pro\\\/index.php\\\/bonuses\\\/\",\"url\":\"https:\\\/\\\/nomini.pro\\\/index.php\\\/bonuses\\\/\",\"name\":\"Bonuses - nomini.pro\",\"isPartOf\":{\"@id\":\"https:\\\/\\\/nomini.pro\\\/#website\"},\"primaryImageOfPage\":{\"@id\":\"https:\\\/\\\/nomini.pro\\\/index.php\\\/bonuses\\\/#primaryimage\"},\"image\":{\"@id\":\"https:\\\/\\\/nomini.pro\\\/index.php\\\/bonuses\\\/#primaryimage\"},\"thumbnailUrl\":\"https:\\\/\\\/nomini.pro\\\/wp-content\\\/uploads\\\/2026\\\/02\\\/9e4abe7b-45a8-45b7-8180-3326e00cafb5-specialpromotionsexclusiveshop02.webp\",\"datePublished\":\"2026-02-02T12:40:22+00:00\",\"dateModified\":\"2026-02-02T12:42:11+00:00\",\"breadcrumb\":{\"@id\":\"https:\\\/\\\/nomini.pro\\\/index.php\\\/bonuses\\\/#breadcrumb\"},\"inLanguage\":\"en-US\",\"potentialAction\":[{\"@type\":\"ReadAction\",\"target\":[\"https:\\\/\\\/nomini.pro\\\/index.php\\\/bonuses\\\/\"]}]},{\"@type\":\"ImageObject\",\"inLanguage\":\"en-US\",\"@id\":\"https:\\\/\\\/nomini.pro\\\/index.php\\\/bonuses\\\/#primaryimage\",\"url\":\"https:\\\/\\\/nomini.pro\\\/wp-content\\\/uploads\\\/2026\\\/02\\\/9e4abe7b-45a8-45b7-8180-3326e00cafb5-specialpromotionsexclusiveshop02.webp\",\"contentUrl\":\"https:\\\/\\\/nomini.pro\\\/wp-content\\\/uploads\\\/2026\\\/02\\\/9e4abe7b-45a8-45b7-8180-3326e00cafb5-specialpromotionsexclusiveshop02.webp\",\"width\":411,\"height\":205},{\"@type\":\"BreadcrumbList\",\"@id\":\"https:\\\/\\\/nomini.pro\\\/index.php\\\/bonuses\\\/#breadcrumb\",\"itemListElement\":[{\"@type\":\"ListItem\",\"position\":1,\"name\":\"Home\",\"item\":\"https:\\\/\\\/nomini.pro\\\/\"},{\"@type\":\"ListItem\",\"position\":2,\"name\":\"Bonuses\"}]},{\"@type\":\"WebSite\",\"@id\":\"https:\\\/\\\/nomini.pro\\\/#website\",\"url\":\"https:\\\/\\\/nomini.pro\\\/\",\"name\":\"nomini.pro\",\"description\":\"\",\"potentialAction\":[{\"@type\":\"SearchAction\",\"target\":{\"@type\":\"EntryPoint\",\"urlTemplate\":\"https:\\\/\\\/nomini.pro\\\/?s={search_term_string}\"},\"query-input\":{\"@type\":\"PropertyValueSpecification\",\"valueRequired\":true,\"valueName\":\"search_term_string\"}}],\"inLanguage\":\"en-US\"}]}<\/script>\n<!-- \/ Yoast SEO plugin. -->","yoast_head_json":{"title":"Bonuses - nomini.pro","robots":{"index":"index","follow":"follow","max-snippet":"max-snippet:-1","max-image-preview":"max-image-preview:large","max-video-preview":"max-video-preview:-1"},"canonical":"https:\/\/nomini.pro\/index.php\/bonuses\/","og_locale":"en_US","og_type":"article","og_title":"Bonuses - nomini.pro","og_description":"Bonuswelt bei Nomini Wie du echte Mehrwerte aus Casino Boni ziehst Die Welt der Online Casino Boni hat sich in [&hellip;]","og_url":"https:\/\/nomini.pro\/index.php\/bonuses\/","og_site_name":"nomini.pro","article_modified_time":"2026-02-02T12:42:11+00:00","og_image":[{"width":411,"height":205,"url":"https:\/\/nomini.pro\/wp-content\/uploads\/2026\/02\/9e4abe7b-45a8-45b7-8180-3326e00cafb5-specialpromotionsexclusiveshop02.webp","type":"image\/webp"}],"twitter_card":"summary_large_image","twitter_misc":{"Est. reading time":"5 minutes"},"schema":{"@context":"https:\/\/schema.org","@graph":[{"@type":"WebPage","@id":"https:\/\/nomini.pro\/index.php\/bonuses\/","url":"https:\/\/nomini.pro\/index.php\/bonuses\/","name":"Bonuses - nomini.pro","isPartOf":{"@id":"https:\/\/nomini.pro\/#website"},"primaryImageOfPage":{"@id":"https:\/\/nomini.pro\/index.php\/bonuses\/#primaryimage"},"image":{"@id":"https:\/\/nomini.pro\/index.php\/bonuses\/#primaryimage"},"thumbnailUrl":"https:\/\/nomini.pro\/wp-content\/uploads\/2026\/02\/9e4abe7b-45a8-45b7-8180-3326e00cafb5-specialpromotionsexclusiveshop02.webp","datePublished":"2026-02-02T12:40:22+00:00","dateModified":"2026-02-02T12:42:11+00:00","breadcrumb":{"@id":"https:\/\/nomini.pro\/index.php\/bonuses\/#breadcrumb"},"inLanguage":"en-US","potentialAction":[{"@type":"ReadAction","target":["https:\/\/nomini.pro\/index.php\/bonuses\/"]}]},{"@type":"ImageObject","inLanguage":"en-US","@id":"https:\/\/nomini.pro\/index.php\/bonuses\/#primaryimage","url":"https:\/\/nomini.pro\/wp-content\/uploads\/2026\/02\/9e4abe7b-45a8-45b7-8180-3326e00cafb5-specialpromotionsexclusiveshop02.webp","contentUrl":"https:\/\/nomini.pro\/wp-content\/uploads\/2026\/02\/9e4abe7b-45a8-45b7-8180-3326e00cafb5-specialpromotionsexclusiveshop02.webp","width":411,"height":205},{"@type":"BreadcrumbList","@id":"https:\/\/nomini.pro\/index.php\/bonuses\/#breadcrumb","itemListElement":[{"@type":"ListItem","position":1,"name":"Home","item":"https:\/\/nomini.pro\/"},{"@type":"ListItem","position":2,"name":"Bonuses"}]},{"@type":"WebSite","@id":"https:\/\/nomini.pro\/#website","url":"https:\/\/nomini.pro\/","name":"nomini.pro","description":"","potentialAction":[{"@type":"SearchAction","target":{"@type":"EntryPoint","urlTemplate":"https:\/\/nomini.pro\/?s={search_term_string}"},"query-input":{"@type":"PropertyValueSpecification","valueRequired":true,"valueName":"search_term_string"}}],"inLanguage":"en-US"}]}},"_links":{"self":[{"href":"https:\/\/nomini.pro\/index.php\/wp-json\/wp\/v2\/pages\/19","targetHints":{"allow":["GET"]}}],"collection":[{"href":"https:\/\/nomini.pro\/index.php\/wp-json\/wp\/v2\/pages"}],"about":[{"href":"https:\/\/nomini.pro\/index.php\/wp-json\/wp\/v2\/types\/page"}],"author":[{"embeddable":true,"href":"https:\/\/nomini.pro\/index.php\/wp-json\/wp\/v2\/users\/1"}],"replies":[{"embeddable":true,"href":"https:\/\/nomini.pro\/index.php\/wp-json\/wp\/v2\/comments?post=19"}],"version-history":[{"count":9,"href":"https:\/\/nomini.pro\/index.php\/wp-json\/wp\/v2\/pages\/19\/revisions"}],"predecessor-version":[{"id":30,"href":"https:\/\/nomini.pro\/index.php\/wp-json\/wp\/v2\/pages\/19\/revisions\/30"}],"wp:attachment":[{"href":"https:\/\/nomini.pro\/index.php\/wp-json\/wp\/v2\/media?parent=19"}],"curies":[{"name":"wp","href":"https:\/\/api.w.org\/{rel}","templated":true}]}}